 = -8. Is l prime?
True
Let d = -62 - -70. Let u(f) = f**2 - 6*f - 12. Let n be u(d). Suppose 310 = j + 6*g - g, -n*j - 3*g = -1189. Is j prime?
False
Suppose -14189818 + 162180 = -33*m + 6031709. Is m composite?
True
Let l = 14 - 8. Let o be (l/(-6))/(2*(-1)/(-2130)). Is (2/3)/((-10)/o) a prime number?
True
Let p = -181 + 197. Suppose -2751 = -p*f - 367. Is f a prime number?
True
Let x(h) = h**2 - 25*h - 29. Let c be x(26). Is c/(108/(-93920)) + (-8)/(-72) prime?
True
Let f(v) = 4*v**2 - 8*v + 1. Suppose 5*w - 4*d = 39, -2*d = 4*w - 49 - 3. Let h be f(w). Suppose -h = -2*m + 5*q, 2*q - 14 = -m + 207. Is m prime?
True
Suppose 47*d - 26*d - 19908603 = 23503290. Is d a prime number?
False
Let z be (120/42)/(((-18)/21)/(-3)). Let b be (-71 + z)/((-2)/52). Suppose 5*m + b - 8181 = 0. Is m a composite number?
False
Suppose -17*s - 531970 = -4636841. Is s a composite number?
False
Let k be 2 + 2 - (3/1 + -4). Let a(f) = 613*f - 1 + k - 11. Is a(2) a prime number?
False
Let m be (-2451)/95 - (-12)/(-10). Is (2638/2)/(m - -28) composite?
False
Suppose 145435 = -32*j + 2262651. Is j prime?
False
Let i be -18*1 - (3 + 0). Let l be (-11213)/7 - -3*1/i. Is 4 - (l + 3 + 0) composite?
True
Let i = 7 - 18. Let t(j) be the third derivative of j**6/120 + j**5/6 - 7*j**4/12 - 2*j**3 - 327*j**2 - 2. Is t(i) composite?
True
Let g(u) be the third derivative of u**5/3 + 5*u**4/24 + 2*u**3/3 + 13*u**2. Let i be g(-7). Suppose 0 = -3*b + b - 8, b - i = -t. Is t composite?
False
Let u = -19 - -20. Let h be 2 - (1 - u)/(-1). Suppose -2*i + q + 2*q = -4157, -h*q = 3*i - 6229. Is i prime?
False
Let b = 56264 - 33651. Is b a prime number?
True
Let w(h) = -59*h + 91. Let l(n) = 89*n - 137. Let b = -95 + 87. Let c(i) = b*w(i) - 5*l(i). Is c(6) a prime number?
False
Let t be ((-22)/33)/(-2*(-1)/(-12)). Let s be (3 - (-109)/2)/(2/t). Suppose -4*n = n - s. Is n a prime number?
True
Let w be 0/((8 + 0)/(-4)). Suppose -7*g = 5*r - 3*g - 5237, -r + 3*g + 1055 = w. Is r a prime number?
True
Is (64/24)/2*(-91503)/(-18) composite?
True
Suppose -381*y + 62 = -379*y. Suppose 0 = y*u - 16*u - 3945. Is u a composite number?
False
Let b(h) = 23*h**2 - 80*h - 1394. Is b(-139) composite?
False
Let l(p) = 342*p - 2107. Is l(19) composite?
False
Let q = 2954143 - 1539770. Is q composite?
False
Suppose 3*x = -5*m + 42852, -3*m + 11700 + 14010 = 3*x. Is m a prime number?
False
Suppose -s - v + 43648 = -51107, -s + 94763 = -v. Is s composite?
True
Let i(t) = -11815*t + 3334. Is i(-27) composite?
False
Suppose 4*r - 575018 = -f, 575022 = -115*r + 119*r - f. Is r a prime number?
False
Suppose -n - 4*k = -3*n - 6, 3*n - 5*k + 7 = 0. Let l = 11 + n. Is ((-573)/(-6))/(2/l) a prime number?
False
Let d(t) = -5*t - 32. Let a = -55 - -48. Is d(a) a prime number?
True
Let v(k) = -22*k + 24. Let u be v(-5). Let d(g) = -26*g - 61*g + 4*g - u*g - 53. Is d(-6) prime?
True
Suppose -210008 = -15*l - 83603. Let t = l - 5968. Is t composite?
False
Let q(d) = -199*d**3 + 5*d**2 - d - 6. Let p be q(-5). Let l = p - 14440. Is l a composite number?
False
Let u(p) = -p**3 - 8*p**2 + 6*p - 9. Let k be u(-7). Let o = 588 + k. Let i = o + 1023. Is i prime?
True
Let y = 447 + -432. Suppose -34041 = -y*g + 53544. Is g composite?
False
Let k(t) = -t + 244. Let a(x) = -x**2 - 16*x + 29. Let b be a(-18). Is k(b) prime?
True
Let q(j) = j**2 - 2*j + 2. Let m(s) = s**2 - 6*s + 3. Let z be m(6). Let h be q(z). Suppose h*n - 4*t - 568 = -3*t, -4*n - 2*t = -446. Is n prime?
True
Let b be (-2)/(-3) - ((-84)/(-18) + -11). Suppose -4*x + 38754 = o, -2*x + 4*o - b*o + 19372 = 0. Is x composite?
False
Let y(r) be the first derivative of 2140*r**3/3 + 5*r**2 + 29*r + 278. Is y(-5) prime?
True
Suppose 4*z - 7222 + 1403 = -h, -3*h = 3*z - 4353. Is z/(-40)*15/(-6) a composite number?
True
Is 7382/(((-135)/18 - -7)/(1/(-4))) a prime number?
True
Suppose -2*x = 3*x - 25. Suppose 26 = -a + x*n, 3*a + 2*n = 2*a + 9. Is a/2 - 30645/(-6) composite?
False
Let m(r) = r**2 - 10*r. Let a be m(11). Suppose -4*g + 128 = 3*c, -13*g = -a*g + 2*c - 66. Suppose -g*f - 7256 = -33*f. Is f a composite number?
True
Let m(j) = j**3 + 6*j + 10028480. Let u be m(0). Is (-2)/18*1 - u/(-693) a prime number?
False
Let r = -35 - -450. Let i be (r/(-10))/((-2)/40). Let l = 1619 - i. Is l a prime number?
False
Let y(k) = 3*k**3 + 495*k**2 + 672*k + 139. Is y(-154) composite?
False
Let p(z) = 343*z - 8. Suppose 35 = -4*c - 1. Let g be -1 - 0 - (c + 3 + 0). Is p(g) a prime number?
False
Let a = 33 - 45. Let t be 6/(36/(-15))*a/10. Suppose 0 = -5*r + 5*p + 1350, -t*r - 3*p - 1340 = -8*r. Is r a composite number?
True
Let a(u) = -24*u**3 - 4*u**2 + 18*u + 308. Is a(-17) prime?
False
Let l = -7 + 9. Suppose -4*z - l*g = -0*z - 3034, -4*z + 3*g = -3049. Suppose -z = -4*s + 7260. Is s a composite number?
True
Is 28956 - (6/12)/((-11)/22) prime?
False
Suppose -30016 = -d - 27*d. Suppose -3*c + 6473 = 2*h, 4*c - 8638 = 3*h - 2*h. Let b = c - d. Is b a prime number?
True
Let c(g) be the second derivative of 11*g**3/6 + 10*g**2 + g - 21. Is c(27) a composite number?
False
Let k be (-5)/(10/(-12)) + -3. Suppose 3*p - 3 - 39 = -k*r, 2*r = -p + 29. Is (8654/12)/(r/90) composite?
False
Let z(t) = -2*t**2 + 23*t - 12. Let c be z(11). Let j be (1 + -512 + c)*1. Is 10/(-45) + j/(-36) prime?
False
Let s(i) = -i**3 + 3*i - 306. Let n be s(0). Is 0 + 6/(-48) - n/16 a composite number?
False
Let l = -189 + 195. Is 4 - (3 + l + -118) a prime number?
True
Suppose 46732 - 10249 - 173616 = -27*h. Is h composite?
True
Suppose -2*w + 4*n = -6790, 2*w + 5*n - 4*n - 6785 = 0. Let r = -94 + w. Is r prime?
True
Suppose 8*m = 11*m. Suppose m*p - p + 12680 = 3*t, -t + 4228 = -p. Is t composite?
True
Suppose 99*u + 7978696 = 187*u. Is u a prime number?
False
Suppose k - 3 = -5*y, 5 + 0 = -5*y. Let q be -5 + (5 - 6300/(-2)) - -5. Suppose -608 = -m + k*l - 3*l, -q = -5*m + 2*l. Is m a prime number?
False
Let r = 9065 - -10116. Is r composite?
False
Let i = -47 + 54. Suppose 30894 = i*z - 3077. Is z a prime number?
False
Let m(x) be the second derivative of -7*x**3/6 - 21*x**2/2 - 31*x. Let l be m(-3). Suppose u + p - 166 = l, 3 + 3 = 2*p. Is u a composite number?
False
Let k(i) = 120*i - 21. Let r be k(16). Let o = r - -4024. Is o prime?
True
Is (-4)/((-16)/(-200114))*1/(-2)*4 prime?
True
Suppose 2*l = 2*m - 757140, 237*l - 238*l - 1892878 = -5*m. Is m a prime number?
False
Let b(a) = 91*a + 3698. Is b(153) prime?
False
Suppose 5*h - 107249 - 102271 = 0. Let x = -28461 + h. Is x a composite number?
True
Let h = -36 + 43. Let y = 7210 + -1747. Suppose y = h*w - 74. Is w prime?
False
Let l be 56 + (-4)/(8/(-4)). Suppose 63*b - 15 = l*b. Is 16/24 - (-4789)/b a composite number?
False
Suppose 5*l + 14*l - 205181 = 0. Is l prime?
True
Let t(b) = -b**3 + 6*b**2 - 3*b + 5. Let c be t(5). Let r(g) = -g**2 + 29*g. Let n be r(c). Suppose 880 = 2*w + n. Is w a composite number?
True
Let p = -113 - -113. Suppose 8435 + 929 = 2*f + 2*c, p = 5*f + 2*c - 23395. Is f prime?
False
Let p(m) = -2*m**2 + 6*m - 6. Let z be p(2). Let x be 7/4 - z/8. Suppose 0 = 3*l + 15, 0 = -d - x*l - 8 + 249. Is d a composite number?
False
Let a(p) = 652*p + 76. Let j be a(10). Suppose -4*k + 6596 = -3*q, -q = 10*k - 6*k - j. Is k composite?
True
Let j = 37 - 37. Suppose 76 = 2*z - 4*h, -2*z + j*h + 44 = 4*h. Suppose d + z = 3*d. Is d prime?
False
Let h(z) be the third derivative of z**6/40 + 2*z**5/3 + z**3 + 54*z**2. Is h(5) a prime number?
True
Let f = 8183 + 9876. Is f a composite number?
False
Suppose 0 = 2*p + 6*d - 4*d - 20, 0 = -p - 3*d + 10. Is 11399 - 105/(-14)*8/p a prime number?
False
Suppose 37*g = 33*g. Is (-4346 - g)/(47 + -49) prime?
False
Let n(i) = -2*i**3 - 2*i**2 - 2*i - 7. Let u(p) = p. Let f be u(-2). Let z be n(f). Suppose -2*c - g = -337, -3*c - 473 = -6*c + z*g. Is c prime?
False
Let i = 2391 + -3591. Let j = i - -5299. Is j a prime number?
True
Let u(w) = w**3 + w**2 + w. Let r(v) = -5*v**3 - 32*v**2 + 39*v - 7. Let y(g) = r(g) + 6*u(g). Let c be y(25). Suppose t = c + 136. Is t a prime number?
False
Suppose -2*f + 4*r + 0*r = 0, 5*r - 1 = 2*f. Suppose f*d = 2*t + 2*t - 5456, -5452 = -4*t + 3*d. Suppose -1039 - t = -5*l. Is l prime?
False
Let b = -53240 - -28686. Let v = 36803 + b. Suppose -k - v = -10*k. Is k